-15*(-3)/540 is divided by 92?
79
Let q = 87 - -258. What is the remainder when q is divided by 70?
65
What is the remainder when 735 is divided by ((-1281)/(-35))/((-15)/(-100))?
3
Let z = -386 - -224. Let h = 227 + z. Calculate the remainder when h is divided by 22.
21
Suppose 13 + 7 = 10*a. Suppose q + 38 = 3*n - 87, a*n - 88 = 3*q. Suppose d + 4*d + 4*k = 69, d - 1 = -4*k. Calculate the remainder when n is divided by d.
7
Suppose 5319 = 40*d - 4601. Let y = d - 157. What is the remainder when y is divided by 19?
15
Suppose -2*i = -103 - 81. Suppose 0 = 6*x - i + 26. Let b(z) = -13*z + 16. What is the remainder when b(-13) is divided by x?
9
Suppose 5*d = 5*p - 550, -197 = -5*p - 5*d + 343. What is the remainder when p is divided by 4/(-12) - (-67)/3?
21
What is the remainder when -3 - (-38913 + 19/(19/8)) is divided by 155?
152
Let j(h) = -36*h + 277. Let v be j(5). Let b = -23 + 74. What is the remainder when (v/(-3))/((-17)/b) is divided by 25?
22
Let c be -1*(-1 - 0) - -40. Let n = 316 - 264. Let p = n - c. Calculate the remainder when 31 is divided by p.
9
Let t be (-232)/(-6) + 36/(-54). Let b(o) = 4*o - 67. What is the remainder when b(t) is divided by 11?
8
What is the remainder when 500 is divided by 2/((143/234)/11)?
32
Suppose 394 = 15*w - 391 + 125. Calculate the remainder when 1312 is divided by w.
36
Let p = 436 - 414. Let x = 402 - 271. What is the remainder when x is divided by p?
21
Let k(n) = 3*n + 34. Suppose -v - 5*t + 103 = 0, 2*t = -5*v + 662 - 32. Let o = v - 112. Calculate the remainder when k(o) is divided by 12.
10
Suppose -6 = -k - 5*a, -6 = -4*k - a - 1. Suppose 0 = 2*b - 4*n + 4, -5*n - 8 = 4*b. What is the remainder when 9 is divided by -3 - (k + -7 + b)?
4
Suppose i = 2*q + 14, 36*q - 31*q = -2*i + 1. What is the remainder when 65 is divided by i?
1
Let t = -4317 + 4370. Let n(z) = -z**3 + 5*z**2 - 2*z + 3. Calculate the remainder when t is divided by n(4).
9
Suppose 52357 = 14*a + 403. Calculate the remainder when a is divided by 79.
77
Suppose 3*m - 26*m = 3*m - 988. What is the remainder when 488 is divided by m?
32
Suppose -18*d = -21*d - 90. What is the remainder when -3 - -4*(54 - 1) is divided by 0 + d/6 - -26?
20
Let f(t) = 22*t - 124. Let d = 685 - 677. What is the remainder when 308 is divided by f(d)?
48
Suppose -3*o + 14 = 3*p - 2*p, 0 = -3*o + p + 22. Suppose 0 = o*d - 0*d. Suppose -40*r + 41*r - 41 = d. Calculate the remainder when 80 is divided by r.
39
Let f(d) = -d**2 - 300*d - 3911. Calculate the remainder when 5296 is divided by f(-14).
88
Let y = -47 - 13. Let t(i) = -i**3 + 5*i**2 - 5*i + 5. Let d be t(4). Let w = d - y. Calculate the remainder when w is divided by 31.
30
Suppose 45*c - 1377 - 378 = 0. What is the remainder when 155 is divided by c?
38
Let x = 13 - 21. Let t(y) = -11*y - 23. What is the remainder when t(x) is divided by (4/(-18) - (-66)/54)*17?
14
Let r = 10 + 27. Calculate the remainder when r is divided by ((-108)/(-3))/6 - -12 - 5.
11
Suppose 92*b - 3107 = -4*m + 97*b, 0 = m + 2*b - 780. What is the remainder when m is divided by 26?
24
Let a(o) = o**3 - 18*o**2 + 9*o + 12. Let n be a(18). Let r = n - 122. Let w = r + -38. What is the remainder when 39 is divided by w?
11
Let q(p) = -3*p**3 - 8*p**2 - 4*p - 3. Let w be q(-2). What is the remainder when (-30)/(-1 - 1) + -4 is divided by (-28)/(-98) + ((-282)/14)/w?
4
Let c = 507 - -138. Let k = -477 + c. What is the remainder when k is divided by 33?
3
Let o = 18881 + -18719. What is the remainder when o is divided by 2/(-3) - 94/(-6)?
12
Let i = 191 - 191. Suppose 0 = -2*z - t + 2, i = z + 2*t - 1 + 6. What is the remainder when ((-1)/(-3))/(2/42) is divided by z?
1
Calculate the remainder when 525 is divided by 2/5 + (-8679)/(-165).
48
Suppose 59*w = -2*o + 62*w + 58, 0 = -o + 3*w + 32. Calculate the remainder when 646 is divided by o.
22
Let l(j) = -j**3 + 5*j**2 + 15*j - 8. Let p be l(7). What is the remainder when 82 is divided by p/((-6)/(-8)) - (-1360)/102?
10
Let c be 4/(-14)*1008/72. What is the remainder when 82 is divided by 14 + (5 - (c + 8))?
7
Calculate the remainder when ((-12)/5)/((-14)/(-35)) + 249 is divided by 89.
65
Let r be (6/10 - 0) + (-3)/5. Suppose r = b - 3, -334 = -2*u + 6*u + 2*b. What is the remainder when (-3730)/u - (-2)/17 is divided by 24?
20
Let h(k) be the third derivative of -k**6/120 - 7*k**5/30 - 7*k**4/8 - 17*k**3/2 - 134*k**2. Calculate the remainder when h(-13) is divided by 44.
9
Suppose 0*o - 75 = -3*o. Suppose 239 = 62*t + 53. Calculate the remainder when o is divided by t.
1
Suppose 5*m - 2*m = 570. Let q = 260 - 244. What is the remainder when m is divided by q?
14
Let j(n) = 5*n**2 + 31*n + 274. What is the remainder when j(-11) is divided by 45?
43
Let g(z) be the third derivative of 13/24*z**4 + 0*z + 0 + 1/6*z**3 + 15*z**2 + 3/20*z**5 + 1/120*z**6. What is the remainder when 12 is divided by g(-7)?
4
Suppose 23 = 5*l - 5*g - 42, -3*g - 48 = -4*l. Suppose 4*y - 5*t - 87 = 0, y + 0 = -3*t + l. What is the remainder when y is divided by 10?
8
Let h be 1/(-2)*((-2)/(-2) + -11). Suppose 3*q - 6*q = -6, 0 = h*n + q - 92. Suppose 13*p - 641 = 217. Calculate the remainder when p is divided by n.
12
Let z be 492 + (-6)/1 + 4. Let v = z + -385. Calculate the remainder when v is divided by 12.
9
Suppose -227 - 218 = -4*a - 5*u, -u + 1 = 0. Let f = a + 80. What is the remainder when f is divided by 48?
46
Let j = -89761 - -89769. Let s(d) = d**2 + 1. What is the remainder when j is divided by s(-2)?
3
Let l(o) = 0*o + 374925 + o - 374905. Suppose 2*z - 8 = -0*f + 2*f, -4*f + 14 = z. What is the remainder when 76 is divided by l(z)?
24
Suppose -8*q + 12 = -5*q. Suppose -m = 2*m, -3*y = -q*m. Suppose 3*t + 48 = o, -2*t + 325 = 5*o - y*t. What is the remainder when o is divided by 11?
8
Let g = -7 - -2. Suppose 4*u - 500 = 3*t, 0 = -t + 3*t. What is the remainder when u is divided by (g - (-21)/9)*-12?
29
Let o = 596 - 599. What is the remainder when 43 is divided by (45/3 - o)/(5 + -4)?
7
Let n = -185 - -205. What is the remainder when 205 is divided by 1 + n + (4 - 4)?
16
Let w = 353 - 287. Suppose w*h = 54*h + 5208. Calculate the remainder when h is divided by 40.
34
Let f be (13 + -13)*(4/1)/8. Suppose 31*v + 65 - 1739 = f. What is the remainder when 210 is divided by v?
48
Suppose 0*z - 70 = -3*u + 2*z, -3*z + 38 = 2*u. Suppose -4*t - u = -34. What is the remainder when 55 is divided by ((-6)/18)/(t/(-126))?
13
What is the remainder when (12 + 1)/((-930)/(-230) - 4) is divided by 28?
19
Calculate the remainder when ((-9482)/1293)/((-206)/396 - 2/(-4)) is divided by 206.
157
Calculate the remainder when 623 is divided by (-2)/(-31) - ((-33828)/372 - -28).
56
Let a = -52 + -99. Let n = a + 171. What is the remainder when 73 is divided by n?
13
Let a be (-478)/(-3) - 10/(-6). Suppose 2*m + 3*m + 2*c = 272, -3*m + c + a = 0. What is the remainder when 161 is divided by m?
53
Let v(j) = -81*j - 1215. Let u be ((-10)/45)/(3/(-27)). Let g(z) = -5*z - 76. Let m(x) = u*v(x) - 33*g(x). What is the remainder when m(0) is divided by 8?
6
Let v = -290 + 344. Let r(s) = 2*s + 13. What is the remainder when v is divided by r(8)?
25
Let r(v) = v**2 + 4*v + 4. What is the remainder when 21/42*(5/2 + 7340/40) is divided by r(5)?
44
Suppose -10 = 3*y - y. Let a(t) = -5 - 3*t - 26*t**3 + t**2 + t**2 + 51*t**3 - 24*t**3 + 3*t**2. Calculate the remainder when 18 is divided by a(y).
8
Suppose -2*a = -3*o - 5*a + 267, -4*o - 5*a + 355 = 0. Let p = -16 + 47. Calculate the remainder when o is divided by p.
28
Let m = 118 + -198. Let c = 106 + m. Calculate the remainder when 127 is divided by c.
23
Let i(y) = -7*y + 5 + 0 - 3. What is the remainder when (10 - 0)*(-1144)/(-528)*3 is divided by i(-3)?
19
Suppose 5*v - 4*f - 923 = 0, -v - 30 = -f - 214. What is the remainder when 258 is divided by v?
71
Let i = -200 - -211. Let x = i + 65. What is the remainder when 300 is divided by x?
72
Let n = 47 - 43. Suppose -5*s + 38 = n*j - 77, 0 = 2*s + j - 49. Let f = s + -16. What is the remainder when 37 is divided by f?
4
Let s(o) = o**3 - 9*o**2 - 12*o - 43. Suppose -2*b + 44 = h, 4*b - h + 0*h - 94 = 0. What is the remainder when s(11) is divided by b?
21
Let o(g) = -5*g**2 - 24*g + 7. Let w be o(-5). Suppos